{"id":24,"date":"2011-05-27T21:04:47","date_gmt":"2011-05-27T21:04:47","guid":{"rendered":"http:\/\/morskasm.cba.pl\/?page_id=24"},"modified":"2023-11-12T10:52:18","modified_gmt":"2023-11-12T09:52:18","slug":"kontakt-z-pracownikami","status":"publish","type":"page","link":"http:\/\/morskasm.pl\/?page_id=24","title":{"rendered":"Kontakt"},"content":{"rendered":"<p><strong>Numery telefon\u00f3w:<\/strong><br \/>\nSekretariat: (58) 622 10 00<br \/>\nPion techniczno-eksploatacyjny: (58) 622 51 18<br \/>\nKsi\u0119gowo\u015b\u0107 i media: (58) 620 99 89<br \/>\nSprawy cz\u0142onkowskie i terenowo-prawne: (58) 622 92 30<\/p>\n<p><strong>Adresy mailowe:<\/strong><br \/>\nRada Nadzorcza <a href=\"mailto:rn@morskasm.pl\">rn@morskasm.pl<\/a><br \/>\nZarz\u0105d <a href=\"mailto:zarzad@morskasm.pl\">zarzad@morskasm.pl<\/a><br \/>\nDyrektor Techniczny <a href=\"mailto:dyr_techniczny@morskasm.pl\">dyr_techniczny@morskasm.pl<\/a><br \/>\nKsi\u0119gowo\u015b\u0107 <a href=\"mailto:ksiegowosc@morskasm.pl\">ksiegowosc@morskasm.pl<\/a><br \/>\nDzia\u0142 Techniczny <a href=\"mailto:techniczny@morskasm.pl\">techniczny@morskasm.pl<\/a><br \/>\nSekretariat <a href=\"mailto:sekretariat@morskasm.pl\">sekretariat@morskasm.pl<\/a><br \/>\nAdministracja GZM <a href=\"mailto:administracja@morskasm.pl\">administracja@morskasm.pl<\/a><br \/>\nDzia\u0142 rozlicze\u0144 <a href=\"mailto:rozliczenia_media@morskasm.pl\">rozliczenia_media@morskasm.pl<\/a><br \/>\nAdministrator strony <a href=\"mailto:admin@morskasm.pl\">admin@morskasm.pl<\/a><br \/>\n<a href=\"?page_id=22\">Zobacz godziny pracy Sp\u00f3\u0142dzielni<\/a><br \/>\n<b><br \/>\nUsuwanie awarii wodno-kanalizacyjnych, elektrycznych, gazowych, centralnego ogrzewania wykonuje:<br \/>\n<u>Pogotowie lokatorskie AGENCJA ERGO<\/u><\/b><\/p>\n<p><b><u>DLA BUDYNK\u00d3W W GDYNI<\/u><\/b><\/p>\n<ul>\n<li>w dni robocze w godz. <b>15:00 \u2013 7:00<\/b><\/li>\n<li>w dni wolne od pracy <b>ca\u0142a doba<\/b><\/li>\n<\/ul>\n<table style='width: 300px; text-align: center; margin-bottom: 15px;'>\n<tr>\n<td>Dy\u017curuje pod nr tel.:<\/td>\n<\/tr>\n<tr>\n<td>58\/620-33-60<\/td>\n<\/tr>\n<tr>\n<td>58\/661-55-61<\/td>\n<\/tr>\n<tr>\n<td>501-051-594<\/td>\n<\/tr>\n<\/table>\n<p><b><br \/>\n<u>Uwaga!<\/u><br \/>\nWszelkie usterki powsta\u0142e w godzinach pracy Morskiej Sp\u00f3\u0142dzielni<br \/>\nMieszkaniowej nale\u017cy zg\u0142asza\u0107 do Administracji pod nr tel. (58) 622 51 18.<br \/>\n<\/b><\/p>\n<p><center><span style=\"color: grey;\">Ostatnia aktualizacja: 25 listopada 2014<\/span><\/center><\/p>\n","protected":false},"excerpt":{"rendered":"<p>Numery telefon\u00f3w: Sekretariat: (58) 622 10 00 Pion techniczno-eksploatacyjny: (58) 622 51 18 Ksi\u0119gowo\u015b\u0107 i media: (58) 620 99 89 Sprawy cz\u0142onkowskie i terenowo-prawne: (58) 622 92 30 Adresy mailowe: Rada Nadzorcza rn@morskasm.pl Zarz\u0105d zarzad@morskasm.pl Dyrektor Techniczny dyr_techniczny@morskasm.pl Ksi\u0119gowo\u015b\u0107 ksiegowosc@morskasm.pl Dzia\u0142 Techniczny techniczny@morskasm.pl Sekretariat sekretariat@morskasm.pl Administracja GZM administracja@morskasm.pl Dzia\u0142 rozlicze\u0144 [&hellip;]<\/p>\n","protected":false},"author":1,"featured_media":0,"parent":0,"menu_order":0,"comment_status":"closed","ping_status":"open","template":"","meta":{"footnotes":""},"class_list":["post-24","page","type-page","status-publish","hentry"],"_links":{"self":[{"href":"http:\/\/morskasm.pl\/index.php?rest_route=\/wp\/v2\/pages\/24","targetHints":{"allow":["GET"]}}],"collection":[{"href":"http:\/\/morskasm.pl\/index.php?rest_route=\/wp\/v2\/pages"}],"about":[{"href":"http:\/\/morskasm.pl\/index.php?rest_route=\/wp\/v2\/types\/page"}],"author":[{"embeddable":true,"href":"http:\/\/morskasm.pl\/index.php?rest_route=\/wp\/v2\/users\/1"}],"replies":[{"embeddable":true,"href":"http:\/\/morskasm.pl\/index.php?rest_route=%2Fwp%2Fv2%2Fcomments&post=24"}],"version-history":[{"count":78,"href":"http:\/\/morskasm.pl\/index.php?rest_route=\/wp\/v2\/pages\/24\/revisions"}],"predecessor-version":[{"id":4324,"href":"http:\/\/morskasm.pl\/index.php?rest_route=\/wp\/v2\/pages\/24\/revisions\/4324"}],"wp:attachment":[{"href":"http:\/\/morskasm.pl\/index.php?rest_route=%2Fwp%2Fv2%2Fmedia&parent=24"}],"curies":[{"name":"wp","href":"https:\/\/api.w.org\/{rel}","templated":true}]}}